{"id":1101,"date":"2013-06-12T21:51:59","date_gmt":"2013-06-12T19:51:59","guid":{"rendered":"https:\/\/sefarmeshapp.inaffect.one\/cms\/?page_id=1101"},"modified":"2020-01-15T11:10:46","modified_gmt":"2020-01-15T09:10:46","slug":"mexico","status":"publish","type":"page","link":"https:\/\/sefarmeshapp.inaffect.one\/cms\/anfahrtskarte\/mexico\/","title":{"rendered":"Mexico"},"content":{"rendered":"<p><a href=\"https:\/\/sefarmeshapp.inaffect.one\/cms\/wp-content\/uploads\/2013\/06\/gr_loc_MX-CUA.jpg\"><img loading=\"lazy\" class=\"aligncenter size-full wp-image-1102\" title=\"MX-Cautitlan\" src=\"https:\/\/sefarmeshapp.inaffect.one\/cms\/wp-content\/uploads\/2013\/06\/gr_loc_MX-CUA.jpg\" alt=\"\" width=\"265\" height=\"176\" \/><\/a><\/p>\n<p><strong>Sefar SA de CV<\/strong><br \/><em>Filtration &amp; <span style=\"color: #ff0000;\">Screen Printing<\/span><\/em><br \/>Carretera Tepotzotlan &#8211; La Aurora Km 1, <br \/>Nave 3 Mod. A S\/N, Col: Axotl\u00e1n<br \/>Cuautitl\u00e1n Izcalli, Edo de M\u00e9xico<br \/>Phone: <a href=\"tel:00525553948689\">+52 55 5394 8689<\/a><br \/>Fax: +52 55 5899 6129<\/p>\n<p><a href=\"https:\/\/sefarmeshapp.inaffect.one\/cms\/wp-content\/uploads\/2019\/10\/gr_loc_MX-MON02.jpg\"><img loading=\"lazy\" class=\"size-full wp-image-2349 aligncenter\" src=\"https:\/\/sefarmeshapp.inaffect.one\/cms\/wp-content\/uploads\/2019\/10\/gr_loc_MX-MON02.jpg\" alt=\"\" width=\"234\" height=\"176\" \/><\/a><\/p>\n<p><strong>Sefar SA de CV<\/strong><br \/><span style=\"color: #ff0000;\"><em>Screen Printing<\/em><\/span><br \/>Antonio I. Villarreal N\u00b0 2323 Norte<br \/>Col. Moderna<br \/>Monterrey, Nuevo Le\u00f3n<br \/>Phone: <a href=\"tel:+528183458164\">+52 81 8345 8164<\/a><\/p>\n\n\n<div class=\"wp-block-button\"><a class=\"wp-block-button__link\" href=\"https:\/\/sefarmeshapp.inaffect.one\/cms\/anfahrtskarte\/\">Back<\/a><\/div>\n","protected":false},"excerpt":{"rendered":"<p>Sefar SA de CVFiltration &amp; Screen PrintingCarretera Tepotzotlan &#8211; La Aurora Km 1, Nave 3 Mod. A S\/N, Col: Axotl\u00e1nCuautitl\u00e1n Izcalli, Edo de M\u00e9xicoPhone: +52 55 5394 8689Fax: +52 55 5899 6129 Sefar SA de CVScreen PrintingAntonio I. Villarreal N\u00b0 2323 NorteCol. ModernaMonterrey, Nuevo Le\u00f3nPhone: +52 81 8345 8164<\/p>\n","protected":false},"author":1,"featured_media":0,"parent":634,"menu_order":13,"comment_status":"closed","ping_status":"open","template":"","meta":[],"_links":{"self":[{"href":"https:\/\/sefarmeshapp.inaffect.one\/cms\/wp-json\/wp\/v2\/pages\/1101"}],"collection":[{"href":"https:\/\/sefarmeshapp.inaffect.one\/cms\/wp-json\/wp\/v2\/pages"}],"about":[{"href":"https:\/\/sefarmeshapp.inaffect.one\/cms\/wp-json\/wp\/v2\/types\/page"}],"author":[{"embeddable":true,"href":"https:\/\/sefarmeshapp.inaffect.one\/cms\/wp-json\/wp\/v2\/users\/1"}],"replies":[{"embeddable":true,"href":"https:\/\/sefarmeshapp.inaffect.one\/cms\/wp-json\/wp\/v2\/comments?post=1101"}],"version-history":[{"count":16,"href":"https:\/\/sefarmeshapp.inaffect.one\/cms\/wp-json\/wp\/v2\/pages\/1101\/revisions"}],"predecessor-version":[{"id":2383,"href":"https:\/\/sefarmeshapp.inaffect.one\/cms\/wp-json\/wp\/v2\/pages\/1101\/revisions\/2383"}],"up":[{"embeddable":true,"href":"https:\/\/sefarmeshapp.inaffect.one\/cms\/wp-json\/wp\/v2\/pages\/634"}],"wp:attachment":[{"href":"https:\/\/sefarmeshapp.inaffect.one\/cms\/wp-json\/wp\/v2\/media?parent=1101"}],"curies":[{"name":"wp","href":"https:\/\/api.w.org\/{rel}","templated":true}]}}